 = -1, 5*i - 16 = 4*b. Suppose i*k = 3*h - 98, h - 19 = 2*k + 11. What is the tens digit of h?
3
Suppose 587 = -4*i + 2307. What is the hundreds digit of i?
4
Suppose c = 2*c - 4*b - 678, -b - 2045 = -3*c. What is the units digit of c?
2
Let w be 163 - ((-15)/(-17) - (-40)/340). Suppose 3*t + 2*k - 141 = 0, -2*k = 3*t - 7*k - w. What is the units digit of t?
9
Let g(o) = o**2 - 2*o + 1. Let b be g(-2). Suppose y - 35 = 5*r, -193 + 35 = -4*y + 2*r. Suppose -x - b = -y. What is the tens digit of x?
3
Suppose -s - 2*a = 4, 2 = -2*a - 8. Suppose -5*w + 18 = -42. What is the tens digit of 158/w - 1/s?
1
Suppose s - 294 = 125. Suppose s = 4*j - 221. Suppose 5*a - j = -0*c - c, -2*a - c + 64 = 0. What is the tens digit of a?
3
Suppose -2*j - 112 = -5*p, 4*p + 0*p - 5*j = 76. Suppose -3*d + p = -5*b, 0*b + 3*b = 3*d - 30. What is the units digit of d?
3
What is the tens digit of 4406 - (-55)/((-77)/7)?
0
Suppose -4 = 3*y + 2*x - 0*x, 4*y + 4*x = -12. Let r(u) = 8*u**2 - 4 - 4*u - 7*u**y - u + u. What is the tens digit of r(-3)?
1
Let m = -72 + -32. Let o be (-264)/26 - 16/m. Let j = o - -44. What is the units digit of j?
4
Suppose 52 = -7*q + 8*q. Suppose 0 = -4*k - 8 + q. What is the units digit of k?
1
Let p(x) = -x. Let r be p(-2). Suppose 2*j + r + 2 = 0. What is the units digit of -4 - (4 - 11 - j)?
1
Suppose 0 = -4*w - 4*z - 68 - 0, -22 = 2*w - 2*z. What is the hundreds digit of (147 - w)*(-2)/(-4)*2?
1
Let w(r) be the third derivative of -r**5/60 + r**4/3 + 5*r**3/6 - 6*r**2. Let l be w(6). Suppose 3*j + 2 = l. What is the units digit of j?
5
Let q be 99 + (-8)/(3 + -1). Let a = q + -56. What is the units digit of a?
9
Let g be (-5*(0 + 3 + -2))/(-1). Suppose 0 = -7*p + 2*p + 3*z + 742, -p = g*z - 154. What is the units digit of p?
9
What is the units digit of (469/(-5))/(4/(-20))?
9
Let q(o) = o**2 - 8*o - 5. Let c be q(20). Suppose 2*d + 3*d = c. What is the units digit of d?
7
Let c = -651 - -1402. What is the tens digit of c?
5
What is the units digit of (2*1)/((-62)/(-38719))?
9
Let v = 613 + -525. What is the units digit of v?
8
Let j = 3 - -2. Suppose 2*n = -z + 27, -j*z = -2*n - 0*z + 9. Let c = n + 14. What is the tens digit of c?
2
What is the units digit of (-70)/42 - (-5147)/3*1?
4
Let b = 719 + -361. Suppose 0 = -4*y - 31 - 97. What is the units digit of (-8)/y + b/8?
5
Suppose 3*t - 16 = 2*c - 5, c - 17 = -3*t. Suppose 16 = 2*d + t*p - 79, 5*p = 3*d - 205. What is the tens digit of d?
6
Suppose -2*s + 2*g = -2*g - 44, -2*s = -3*g - 45. What is the tens digit of s?
2
Let d be 13 - 0/(3 + -7). Suppose -2*a + d = -9. What is the units digit of a?
1
Suppose -53 - 8992 = -3*f. What is the units digit of f?
5
Let a(n) = 141*n + 39. What is the units digit of a(7)?
6
Let w be ((-376)/(-12))/((-8)/(-132)). Let h = w - 339. What is the tens digit of h?
7
What is the thousands digit of (-3)/(-6) - ((-10015)/10 - 6)?
1
Suppose 32*y - 5672 = 3544. What is the hundreds digit of y?
2
Let n(l) = 6 - 5*l + 2*l**2 - l**3 + 0*l**3 + 3*l**2. Let j be n(4). Suppose q = p - 18, -30 = -j*p - 0*q + 4*q. What is the units digit of p?
1
Suppose -4*u = -f - 20, -f + 0 = -u + 2. What is the tens digit of u/30 - (-469)/5?
9
Let m = -24 - -25. Let t be 1/(m*5/35). Suppose 2*x + 300 = t*x. What is the units digit of x?
0
Let j be (1134/(-3) - 2) + -8 + 4. Let p = j - -552. What is the tens digit of p?
6
Let h(s) = s**3 - 8*s**2 + s + 2. Let f be h(8). Let j be (-4)/f + (-32)/20. What is the tens digit of (j/4)/(20/(-1120))?
2
Let b = -600 + 610. Let u(l) be the third derivative of -l**5/60 + l**4/2 - 3*l**3/2 + 2*l**2. What is the tens digit of u(b)?
1
Let q = -1364 - -2431. What is the tens digit of q?
6
Suppose 0 = 13*c - 13683 - 25538. What is the thousands digit of c?
3
Let y(f) be the third derivative of -5*f**4/12 - f**3/2 + 5*f**2. What is the units digit of y(-5)?
7
What is the tens digit of (1 - -61) + 10 + 1 + 1?
7
Let a(j) = 37*j**3 + j**2 - 6*j + 3. Let g be a(2). Let y = -160 + g. What is the hundreds digit of y?
1
Let v = -43 + 173. What is the units digit of v?
0
Let o = -32 + 34. Suppose 146 = o*l - 0*l. What is the tens digit of l?
7
Suppose -4*n + 4*l + 600 = 0, 0*n - 2*l + 750 = 5*n. Suppose 3*b - b - n = 0. What is the tens digit of b?
7
Let s(m) = m**2 - 12*m + 18. What is the hundreds digit of s(-7)?
1
Let b = -1290 + 3910. What is the units digit of b?
0
What is the units digit of (-5 - 0/(-3 + 0)) + 1951?
6
Let r(f) = -f - 7. Let t be r(-7). What is the tens digit of (-15)/(-5) + t - -72?
7
Let y be 34/(-12) - 8/48. Let m be y/(-9)*-4*-3. Suppose -3*f - 21 = -3*b, -m*b + 5 = b + 5*f. What is the units digit of b?
4
Let w(j) = 3*j + j + j + 18 - 1. What is the units digit of w(16)?
7
What is the hundreds digit of 2 - 8 - (8514/3)/(-6)?
4
Suppose 0*t = -t + 8. Suppose -t*z + 110 = -3*z. What is the tens digit of z?
2
Let w = -1246 + 3549. What is the hundreds digit of w?
3
Let f be (7 - 10) + (0 - -6). Suppose 0 = -2*k - 0*m + f*m + 16, -4*k = -4*m - 28. What is the units digit of k?
5
Let t = -37 - -40. What is the units digit of 86 - (-2)/(t + -5)?
5
Let m be -1*(-2)/2 + -2. Let l be 83 + (-3)/(0 + m). Let h = -44 + l. What is the tens digit of h?
4
Suppose -1525 = -g + 5*p, -6*p = -9*p - 6. What is the tens digit of g?
1
Let u = -142 - -215. Suppose -4*g + 55 = -u. What is the units digit of g?
2
Suppose 0 = -5*n + 4*o + 2515, -5*o + 4*o = 4*n - 2033. What is the tens digit of n?
0
Let u = 120 + -96. What is the tens digit of u?
2
Let t(b) = 12*b + 2248. What is the thousands digit of t(0)?
2
Let v = -826 - -1318. What is the hundreds digit of v?
4
Suppose 41*t + 1842 = 47*t. What is the tens digit of t?
0
Let i = -1411 + 1500. What is the tens digit of i?
8
Suppose 0 = 4*j + r - 9304, -6*r = j - 4*r - 2333. What is the thousands digit of j?
2
Suppose 186*a = 172*a + 36148. What is the thousands digit of a?
2
Let h(f) be the second derivative of -27*f**3/2 - f**2/2 - 5*f. Let j be h(-1). Let d = -55 + j. What is the units digit of d?
5
Let a be ((3 - 35)/(-8))/(4/(-22)). Let m be 5/1*(-2)/5. Let n = m - a. What is the tens digit of n?
2
Let u(i) be the first derivative of -i**2/2 + 16*i + 7. Let k be u(12). Suppose -40 = -2*q + n + 41, k*q + n - 159 = 0. What is the tens digit of q?
4
Let f(c) = c**3 - 2*c**2 - 2*c + 3. Let v be f(2). Let i(x) = 10*x**3 - x. Let u be i(v). Let a = 20 + u. What is the units digit of a?
1
Let x(a) = -4*a**2 - 2. Let g be x(-4). Let i = -30 - g. What is the tens digit of i?
3
Suppose -6 = 2*y, 8*y = 5*t + 5*y - 3054. What is the units digit of t?
9
Suppose -5*u + 75 = -5*n, n + 2*n - 5*u + 51 = 0. Let s(a) = -2*a - 10. Let w be s(3). What is the units digit of w/n*6/4?
2
Let u(s) = 23*s - 29. What is the units digit of u(12)?
7
Let y = 1066 + -573. What is the tens digit of y?
9
Let d be (8/(-20))/(5/125). Let f = 68 - d. What is the units digit of f?
8
Let k(u) = -36*u**3 + 1. Suppose -2*o + 1 = h, -2 = -4*h - 2*o - 4. What is the units digit of k(h)?
7
Suppose 0 + 36 = 3*v. Let k(s) = -s**2 + 16*s - 4. Let u be k(v). What is the units digit of 31/4 + 11/u?
8
Suppose 2*i + 3*x = -2*x - 35, -5*i + x = 47. What is the tens digit of (i/(-4))/((-4)/(-16))?
1
Let v(w) = w**2 - 7*w - 6. Let n be v(7). Let m be (1/(-3))/((-3)/108). What is the tens digit of n/2*(-64)/m?
1
Let j = -948 - -1400. What is the units digit of j?
2
Let m be -1 + (0 - 2) + 3. Suppose m = -3*h - 2*c + 641, 2*c = -2*h + 10 + 418. What is the hundreds digit of h?
2
Let r(t) = -73*t - 77. What is the tens digit of r(-10)?
5
Let u(a) = a**2 - 11*a + 9. Let r be u(10). What is the tens digit of 27/(-2)*2*r?
2
Let p = -12 - -13. Let a = p + 8. Let l = a - 1. What is the units digit of l?
8
Suppose -5*w + 4 = -4*u, 0*w = -3*w - 2*u - 2. Suppose -3*j + w*j = 4*r - 488, -5*r - 2*j + 603 = 0. What is the units digit of r?
9
Let a(i) = 2086*i**2 - i + 1. What is the units digit of a(1)?
6
Let o(v) = 1077*v**3 + 5*v**2 - v - 4. What is the units digit of o(1)?
7
Let y(m) = -m. Let h(d) = 8*d - 10. Let t(s) = h(s) + 6*y(s). Let q be t(7). Suppose 3 = -3*j + 4*j + 2*b, 20 = -q*b. What is the units digit of j?
3
Let g(b) = -b + 5. Let j be g(9). What is the tens digit of (-5517)/(-45) - j/10?
2
Suppose 0*c = -3*c + 549. Suppose 1263 = 8*y + c. Wh